
Does 4 divide 32200232?
True
Is 243655104 a multiple of 1344?
True
Is 14 a factor of 2202144522?
False
Is 16035164 a multiple of 202?
True
Does 23 divide 31684022?
False
Is 2 a factor of 423497982?
True
Does 202 divide 16808360?
False
Does 4 divide 4022107?
False
Is 60 a factor of 96786577?
False
Is 303 a factor of 891462360?
True
Is 30 a factor of 4170315095?
False
Does 1549 divide 9086201?
False
Is 378 a factor of 503846336?
False
Is 79682193 a multiple of 34?
False
Is 3870446124 a multiple of 3134?
True
Is 38462312 a multiple of 1484?
True
Does 23 divide 5864268117?
True
Does 490 divide 374907820?
True
Does 10 divide 498152658?
False
Does 198 divide 4529062?
False
Is 39192340 a multiple of 44?
True
Is 951898901 a multiple of 8?
False
Does 32 divide 680366112?
True
Does 3387 divide 527124911?
False
Does 40 divide 77534440?
True
Is 30726432 a multiple of 132?
True
Is 3 a factor of 7393631?
False
Is 26 a factor of 750456102?
False
Is 115 a factor of 1037950273?
False
Does 99 divide 1314475422?
False
Is 223 a factor of 111788116?
True
Does 9 divide 51929383?
False
Is 91 a factor of 50338470?
True
Is 29 a factor of 17347423?
True
Is 70159264 a multiple of 8?
True
Is 105 a factor of 41807694?
False
Is 19225304 a multiple of 1862?
False
Does 79 divide 98980680?
True
Is 16417486 a multiple of 43?
True
Is 24110013 a multiple of 1039?
False
Is 548160798 a multiple of 19?
False
Does 451 divide 715474?
False
Is 1827 a factor of 13881193?
False
Does 714 divide 65507832?
False
Is 251 a factor of 92390665?
False
Is 24 a factor of 79633800?
True
Does 19 divide 37178611?
True
Is 32 a factor of 98281062?
False
Is 1098506546 a multiple of 63?
False
Is 37564848 a multiple of 179?
False
Is 677867997 a multiple of 57?
True
Is 5 a factor of 41420055?
True
Is 314270390 a multiple of 3074?
True
Is 283384577 a multiple of 3699?
False
Is 431 a factor of 67243758?
True
Is 63775608 a multiple of 24?
True
Is 66 a factor of 78858593?
False
Is 4 a factor of 63210650?
False
Is 189734125 a multiple of 2?
False
Does 10 divide 162400525?
False
Is 1068075 a multiple of 9?
True
Does 62 divide 87313743?
False
Is 3669552840 a multiple of 12?
True
Is 14 a factor of 1458341682?
True
Is 47 a factor of 31508753?
True
Does 1259 divide 610637662?
True
Is 33438661 a multiple of 6?
False
Does 319 divide 2405716808?
True
Is 10737780 a multiple of 10?
True
Is 602 a factor of 225362312?
True
Does 109 divide 432893679?
False
Does 103 divide 3490788?
False
Does 195 divide 308903400?
True
Does 8 divide 831878674?
False
Is 96268536 a multiple of 4198?
True
Is 15 a factor of 100377435?
True
Is 2147 a factor of 22618645?
True
Is 249442036 a multiple of 8656?
False
Does 591 divide 521180442?
True
Does 18 divide 14242482?
True
Is 316 a factor of 96362844?
False
Does 1173 divide 99396501?
True
Is 642972883 a multiple of 7351?
False
Is 2454 a factor of 13633182?
False
Does 137 divide 19832651?
False
Is 60 a factor of 490310350?
False
Does 460 divide 10558515?
False
Is 7 a factor of 170819145?
True
Does 7 divide 557327807?
False
Does 7786 divide 2741520799?
False
Is 24 a factor of 15525372?
False
Is 724857390 a multiple of 1343?
True
Is 6 a factor of 232700783?
False
Is 2964985 a multiple of 26?
False
Is 31691388 a multiple of 12?
True
Does 84 divide 138215532?
True
Is 12 a factor of 1837992?
True
Is 273 a factor of 9343425?
True
Is 18564252 a multiple of 76?
False
Is 60857314 a multiple of 34?
True
Is 1842 a factor of 400343348?
False
Is 7 a factor of 107302811?
True
Is 490 a factor of 41069350?
True
Is 708688701 a multiple of 10011?
True
Is 63 a factor of 95718468?
False
Is 622800601 a multiple of 97?
False
Does 601 divide 156350751?
True
Is 24499508 a multiple of 23?
True
Is 243453226 a multiple of 34?
True
Is 120419339 a multiple of 740?
False
Is 956 a factor of 38793524?
True
Is 306 a factor of 1021590180?
True
Does 7 divide 12441926?
True
Is 20 a factor of 23229722?
False
Does 109 divide 9057477?
False
Is 879515 a multiple of 89?
False
Is 559 a factor of 264381446?
False
Does 2003 divide 73858852?
False
Is 86 a factor of 69288965?
False
Is 12481 a factor of 130152365?
False
Is 301 a factor of 46605937?
True
Does 40 divide 539166417?
False
Is 2114136710 a multiple of 430?
True
Is 856 a factor of 50550257?
False
Is 40001788 a multiple of 10?
False
Does 290 divide 170072573?
False
Is 249817820 a multiple of 20?
True
Does 25 divide 56695256?
False
Does 3146 divide 2087474647?
False
Is 97 a factor of 39784356?
True
Does 47 divide 26830937?
True
Is 5839729 a multiple of 7?
True
Does 170 divide 7270867508?
False
Is 404576940 a multiple of 15?
True
Is 1414 a factor of 11709014?
False
Is 2375 a factor of 162744500?
True
Is 22 a factor of 244496956?
True
Does 14 divide 55448792?
True
Is 307 a factor of 499182?
True
Does 788 divide 37186128?
False
Is 20 a factor of 651305180?
True
Is 1026502683 a multiple of 19?
True
Does 1096 divide 7342104?
True
Is 17 a factor of 179609285?
False
Does 503 divide 1239877693?
False
Does 86 divide 18136727?
False
Does 262 divide 477133178?
True
Is 23 a factor of 110371687?
True
Is 1082219558 a multiple of 4454?
True
Does 1064 divide 952643863?
False
Is 28783974 a multiple of 114?
True
Does 75 divide 36096075?
True
Is 2749 a factor of 4547455847?
False
Does 5010 divide 764240692?
False
Is 300165208 a multiple of 14?
True
Is 67189296 a multiple of 10?
False
Is 15572630 a multiple of 755?
True
Does 2 divide 193639010?
True
Is 6264556161 a multiple of 69?
True
Is 10590020 a multiple of 1129?
True
Is 8576748 a multiple of 148?
True
Is 42219074 a multiple of 5?
False
Is 28 a factor of 29508220?
True
Is 6 a factor of 60536588?
False
Is 95 a factor of 1827224830?
False
Does 2355 divide 11858122?
False
Is 73 a factor of 3710298?
True
Does 10160 divide 1383102009?
False
Is 538 a factor of 78324192?
True
Does 186 divide 2258946750?
True
Is 6 a factor of 792401244?
True
Does 93 divide 1141426515?
False
Is 539 a factor of 2053371026?
False
Is 226 a factor of 20779570?
True
Is 4 a factor of 132288738?
False
Is 22202343 a multiple of 3?
True
Is 2378 a factor of 64415264?
True
Is 2989 a factor of 308602294?
True
Does 50 divide 5607389?
False
Does 2 divide 271414?
True
Does 102 divide 34261851?
False
Does 100 divide 172880010?
False
Is 333 a factor of 434427804?
True
Does 2 divide 232169?
False
Does 299 divide 332680492?
False
Does 259 divide 115096586?
False
Does 271 divide 41538067?
True
Is 1112355054 a multiple of 519?
True
Does 6 divide 135981206?
False
Is 175641152 a multiple of 29?
False
Is 4042 a factor of 689201420?
True
Does 47 divide 80790979?
True
Is 199369050 a multiple of 181?
False
Does 29 divide 39318432?
True
Is 103672331 a multiple of 7?
True
Does 481 divide 1017402606?
False
Does 100 divide 68123875?
False
Is 63910656 a multiple of 9?
True
Is 618388626 a multiple of 313?
False
Is 36743800 a multiple of 856?
True
Does 150 divide 163053450?
True
Is 18 a factor of 1113638364?
True
Is 947 a factor of 77707979?
True
Does 66 divide 81902238?
True
Is 632 a factor of 216924499?
False
Does 27 divide 44192574?
True
Is 11 a factor of 34843094?
True
Is 218 a factor of 16883053?
False
Is 10265 a factor of 1277130240?
True
Does 40 divide 93319640?
True
Is 4 a factor of 29968231?
False
Does 20 divide 122711023?
False
Is 2282227472 a multiple of 9248?
False
Is 1178 a factor of 65344838?
True
Is 48 a factor of 14665056?
True
Is 1293 a factor of 283583346?
True
Is 1676 a factor of 62865084?
True
Does 63 divide 43225935?
False
Is 2401520985 a multiple of 15?
True
Does 25 divide 25153500?
True
Is 6160040 a multiple of 632?
False
Is 195095964 a multiple of 28?
True
Is 422 a factor of 191903401?
False
Does 222 divide 34055781?
False
Is 463125672 a multiple of 18?
True
Does 77 divide 45088582?
True
Does 27 divide 18296627?
False
Does 5 divide 14302316?
False
Is 4 a factor of 21782919?
False
Does 1719 divide 2314699035?
False
Does 21 divide 440503780?
False
Does 31 divide 1454737?
True
Does 1633 divide 412201037?
False
Is 12268508 a multiple of 650?
False
Is 3540088710 a multiple of 90?
True
Is 14 a factor of 1333541315?
False
Is 8625540 a multiple of 462?
True
Does 952 divide 516058692?
False
Is 32278025 a multiple of 781?
False
Does 78 divide 14830920?
True
Is 1765 a factor of 7022651748?